e
Is 9805 a multiple of 17?
False
Is 53 a factor of 2073?
False
Is 5869 a multiple of 44?
False
Is 776 a multiple of 8?
True
Is 8 a factor of 10515?
False
Does 14 divide 779?
False
Is 116 a factor of 4060?
True
Is 72 a factor of 5993?
False
Does 10 divide 7010?
True
Is 974 a multiple of 9?
False
Is 1918 a multiple of 13?
False
Is 1491 a multiple of 80?
False
Is 132 a factor of 1980?
True
Does 57 divide 918?
False
Is 408 a multiple of 26?
False
Does 9 divide 450?
True
Is 23422 a multiple of 14?
True
Is 17 a factor of 9153?
False
Is 6 a factor of 2484?
True
Does 97 divide 19788?
True
Is 8 a factor of 14248?
True
Is 10 a factor of 351?
False
Is 4 a factor of 210?
False
Does 55 divide 4125?
True
Is 75 a multiple of 15?
True
Is 7 a factor of 490?
True
Is 67 a factor of 2251?
False
Does 34 divide 9316?
True
Does 22 divide 11139?
False
Does 38 divide 2508?
True
Does 114 divide 115026?
True
Does 81 divide 6318?
True
Is 5067 a multiple of 14?
False
Is 24 a factor of 85464?
True
Is 9612 a multiple of 6?
True
Is 16 a factor of 52052?
False
Is 59261 a multiple of 19?
True
Is 6 a factor of 84?
True
Is 3 a factor of 8535?
True
Does 21 divide 173?
False
Is 44 a factor of 394?
False
Does 30 divide 360?
True
Is 5742 a multiple of 3?
True
Is 2240 a multiple of 10?
True
Does 27 divide 459?
True
Is 21930 a multiple of 43?
True
Is 7 a factor of 4949?
True
Is 8 a factor of 832?
True
Is 258 a factor of 15317?
False
Is 63 a factor of 41004?
False
Does 41 divide 23775?
False
Is 110 a multiple of 10?
True
Is 13 a factor of 9540?
False
Is 191 a factor of 6303?
True
Is 76 a factor of 27833?
False
Is 13 a factor of 61529?
True
Does 241 divide 12369?
False
Is 10 a factor of 213?
False
Does 193 divide 10929?
False
Is 195 a multiple of 5?
True
Is 16155 a multiple of 5?
True
Is 2156 a multiple of 7?
True
Is 423 a multiple of 3?
True
Is 7102 a multiple of 22?
False
Is 17 a factor of 47?
False
Is 64 a factor of 6956?
False
Is 7 a factor of 314?
False
Is 1696 a multiple of 16?
True
Is 638 a multiple of 11?
True
Does 13 divide 6108?
False
Is 147 a factor of 7791?
True
Is 24 a factor of 18000?
True
Does 125 divide 86535?
False
Does 32 divide 1477?
False
Is 35 a factor of 18439?
False
Is 330 a multiple of 33?
True
Is 94 a multiple of 13?
False
Is 93469 a multiple of 151?
True
Is 219 a multiple of 5?
False
Does 57 divide 1112?
False
Does 73 divide 42049?
False
Is 2600 a multiple of 104?
True
Is 30008 a multiple of 22?
True
Is 41 a factor of 6847?
True
Is 303 a factor of 5454?
True
Does 11 divide 462?
True
Is 6 a factor of 344?
False
Does 32 divide 852?
False
Is 6 a factor of 1154?
False
Does 5 divide 649?
False
Is 694 a multiple of 28?
False
Is 15078 a multiple of 34?
False
Is 53 a multiple of 3?
False
Is 2538 a multiple of 141?
True
Is 345 a multiple of 13?
False
Is 9 a factor of 665?
False
Does 135 divide 1468?
False
Does 44 divide 25922?
False
Is 1984 a multiple of 145?
False
Is 1057 a multiple of 43?
False
Is 96 a factor of 42528?
True
Is 575 a multiple of 5?
True
Is 365 even?
False
Is 28 a factor of 319?
False
Is 65 a factor of 26605?
False
Does 5 divide 335?
True
Is 51 a factor of 5725?
False
Is 83 a factor of 5561?
True
Is 11 a factor of 1488?
False
Is 24 a factor of 33989?
False
Does 9 divide 496?
False
Does 16 divide 656?
True
Is 488 a multiple of 8?
True
Is 71963 a multiple of 26?
False
Is 616 a multiple of 4?
True
Does 171 divide 3711?
False
Is 18 a factor of 3924?
True
Is 736 a multiple of 9?
False
Is 38 a factor of 3952?
True
Does 50 divide 2050?
True
Is 11 a factor of 53460?
True
Is 58 a factor of 45066?
True
Does 61 divide 3233?
True
Does 7 divide 1324?
False
Is 17336 a multiple of 11?
True
Is 120 a factor of 61508?
False
Does 20 divide 569?
False
Is 1278 a multiple of 18?
True
Is 28923 a multiple of 137?
False
Is 30 a factor of 5489?
False
Does 291 divide 38495?
False
Does 165 divide 28380?
True
Does 17 divide 748?
True
Is 36 a factor of 9540?
True
Is 29 a factor of 102402?
False
Does 32 divide 11860?
False
Does 5 divide 1773?
False
Is 903 a multiple of 7?
True
Is 2 a factor of 1151?
False
Does 19 divide 570?
True
Is 142 a factor of 2294?
False
Is 2754 a multiple of 81?
True
Does 58 divide 18386?
True
Does 19 divide 64391?
True
Is 23 a factor of 6946?
True
Is 126 a factor of 31122?
True
Is 5 a factor of 480?
True
Is 903 a multiple of 7?
True
Is 138 a factor of 3864?
True
Does 36 divide 2136?
False
Does 68 divide 110454?
False
Is 687 a multiple of 12?
False
Is 1817 a multiple of 4?
False
Does 104 divide 596?
False
Is 139 even?
False
Does 7 divide 199?
False
Is 555 a multiple of 17?
False
Is 2390 a multiple of 104?
False
Is 10038 a multiple of 14?
True
Is 170 a factor of 33490?
True
Is 9880 a multiple of 95?
True
Does 10 divide 4090?
True
Is 1332 a multiple of 74?
True
Is 8376 a multiple of 64?
False
Does 6 divide 508?
False
Is 29 a factor of 464?
True
Is 1440 a multiple of 10?
True
Does 39 divide 40638?
True
Is 12 a factor of 6240?
True
Does 140 divide 59974?
False
Is 85 a multiple of 3?
False
Does 143 divide 2431?
True
Is 32580 a multiple of 10?
True
Is 252 a multiple of 7?
True
Is 1188 a multiple of 4?
True
Is 5208 a multiple of 44?
False
Does 23 divide 699?
False
Is 15 a factor of 3919?
False
Is 9225 a multiple of 123?
True
Does 50 divide 4775?
False
Is 10178 a multiple of 13?
False
Is 52548 a multiple of 8?
False
Is 10032 a multiple of 88?
True
Does 164 divide 2132?
True
Is 23 a factor of 253?
True
Does 20 divide 4220?
True
Is 15662 a multiple of 191?
True
Does 113 divide 1770?
False
Does 5 divide 43727?
False
Is 736 a multiple of 46?
True
Is 15848 a multiple of 32?
False
Is 3692 a multiple of 97?
False
Is 46655 a multiple of 7?
True
Is 46 a factor of 1786?
False
Is 45 a factor of 8235?
True
Is 28983 a multiple of 316?
False
Is 360 a multiple of 90?
True
Does 13 divide 957?
False
Is 15 a factor of 72?
False
Is 114 a factor of 43890?
True
Does 37 divide 14282?
True
Is 10 a factor of 4064?
False
Is 854 a multiple of 7?
True
Is 8685 a multiple of 102?
False
Does 104 divide 3744?
True
Is 12 a factor of 1165?
False
Does 4 divide 44?
True
Does 35 divide 2345?
True
Is 20 a factor of 1720?
True
Does 121 divide 8632?
False
Does 60 divide 525?
False
Is 2772 a multiple of 28?
True
Is 8368 a multiple of 8?
True
Is 15000 a multiple of 50?
True
Is 4 a factor of 34?
False
Is 11 a factor of 869?
True
Is 17 a factor of 522?
False
Is 4847 a multiple of 38?
False
Is 146 a factor of 2397?
False
Is 54 a factor of 122202?
True
Does 86 divide 1806?
True
Is 81 a factor of 280?
False
Does 5 divide 142?
False
Is 94 a factor of 16168?
True
Is 30 a factor of 1063?
False
Does 20 divide 1160?
True
Does 15 divide 9193?
False
Is 37 a factor of 50431?
True
Is 67 a factor of 21708?
True
Is 247 a multiple of 8?
False
Is 2926 a multiple of 77?
True
Is 812 a multiple of 48?
False
Is 36 a factor of 6737?
False
Does 3 divide 425?
False
Is 5729 a multiple of 15?
False
Is 3200 a multiple of 16?
True
Is 2 a factor of 10566?
True
Does 194 divide 31622?
True
Is 2040 a multiple of 102?
True
Is 2329 a multiple of 57?
False
Is 44696 a multiple of 183?
False
Is 7 a factor of 1770?
False
Does 76 divide 1930?
False
Is 16 a factor of 848?
True
Is 25 a factor of 44600?
True
Is 4 a factor of 2000?
True
Is 9 a factor of 415?
False
Does 49 divide 5007?
False
Is 38 a factor of 8398?
True
Is 3454 a multiple of 22?
True
Does 10 divide 13849?
False
Is 6765 a multiple of 43?
False
Does 106 divide 8586?
True
Is 61 a factor of 732?
True
Is 24 a factor of 706?
False
Does 37 divide 814?
True
Does 24 divide 38630?
False
Is 160 a factor of 78400?
True
Does 3 divide 438?
True
Does 44 divide 404?
False
Does 17 divide 170?
True
Is 70 a factor of 1007?
False
Does 31 divide 558?
True
Does 14 divide 5684?
True
Is 25 a multiple of 4?
False
Does 110 divide 550?
True
Is 1836 a multiple of 6?
True
Is 330 a multiple of 7?
False
Is 21 a factor of 1491?
True
Is 2204 a multiple of 58?
True
Is 11856 a multiple of 52?
True
Is 54 a factor of 14418?
True
Is 408 a multiple of 6?
True
Does 41 divide 1830?
False
Does 123 divide 10947?
True
Is 39 a factor of 1182?
False
Is 519 even?
False
Does 8 divide 195?
False
Does 40 divide 1480?
True
Is 17 a factor of 2152?
False
Is 20 a factor of 285?
False
Is 160 a multiple of 8?
True
Is 7 a factor of 105